rs of 79?
79
What are the prime factors of 55637?
23, 41, 59
List the prime factors of 2488.
2, 311
List the prime factors of 4139.
4139
What are the prime factors of 2223?
3, 13, 19
List the prime factors of 131756.
2, 32939
What are the prime factors of 2156?
2, 7, 11
What are the prime factors of 18596?
2, 4649
What are the prime factors of 24402?
2, 3, 7, 83
What are the prime factors of 24042?
2, 3, 4007
List the prime factors of 29939.
7, 13, 47
List the prime factors of 704.
2, 11
What are the prime factors of 5085?
3, 5, 113
What are the prime factors of 1230?
2, 3, 5, 41
List the prime factors of 89221.
11, 8111
List the prime factors of 2200.
2, 5, 11
What are the prime factors of 902?
2, 11, 41
List the prime factors of 7173.
3, 797
What are the prime factors of 53886?
2, 3, 7, 1283
What are the prime factors of 80855?
5, 103, 157
What are the prime factors of 52862?
2, 26431
What are the prime factors of 15314?
2, 13, 19, 31
What are the prime factors of 13885?
5, 2777
List the prime factors of 43944.
2, 3, 1831
List the prime factors of 11220.
2, 3, 5, 11, 17
What are the prime factors of 2750?
2, 5, 11
What are the prime factors of 15124?
2, 19, 199
What are the prime factors of 271?
271
What are the prime factors of 806?
2, 13, 31
List the prime factors of 61660.
2, 5, 3083
List the prime factors of 18127.
18127
List the prime factors of 7791.
3, 7, 53
List the prime factors of 1234.
2, 617
List the prime factors of 565.
5, 113
What are the prime factors of 26315?
5, 19, 277
What are the prime factors of 1798?
2, 29, 31
What are the prime factors of 767?
13, 59
What are the prime factors of 33516?
2, 3, 7, 19
List the prime factors of 14061.
3, 43, 109
List the prime factors of 1520.
2, 5, 19
What are the prime factors of 77082?
2, 3, 29, 443
What are the prime factors of 7361?
17, 433
List the prime factors of 5679.
3, 631
What are the prime factors of 1514?
2, 757
What are the prime factors of 58590?
2, 3, 5, 7, 31
List the prime factors of 101777.
13, 7829
List the prime factors of 946.
2, 11, 43
List the prime factors of 3861.
3, 11, 13
List the prime factors of 119.
7, 17
What are the prime factors of 2153?
2153
What are the prime factors of 8708?
2, 7, 311
List the prime factors of 562.
2, 281
List the prime factors of 807.
3, 269
What are the prime factors of 12768?
2, 3, 7, 19
List the prime factors of 306.
2, 3, 17
List the prime factors of 6802.
2, 19, 179
List the prime factors of 409.
409
What are the prime factors of 12817?
7, 1831
List the prime factors of 107015.
5, 17, 1259
What are the prime factors of 1166?
2, 11, 53
List the prime factors of 10847.
10847
What are the prime factors of 9279?
3, 1031
What are the prime factors of 1623?
3, 541
What are the prime factors of 25091?
11, 2281
What are the prime factors of 95479?
95479
What are the prime factors of 6821?
19, 359
What are the prime factors of 4674?
2, 3, 19, 41
What are the prime factors of 8765?
5, 1753
What are the prime factors of 66?
2, 3, 11
List the prime factors of 48647.
48647
List the prime factors of 1503.
3, 167
What are the prime factors of 763?
7, 109
List the prime factors of 22589.
7, 461
What are the prime factors of 1111?
11, 101
List the prime factors of 880.
2, 5, 11
List the prime factors of 20288.
2, 317
What are the prime factors of 59984?
2, 23, 163
What are the prime factors of 1334?
2, 23, 29
What are the prime factors of 7596?
2, 3, 211
List the prime factors of 2782.
2, 13, 107
List the prime factors of 669.
3, 223
List the prime factors of 60.
2, 3, 5
List the prime factors of 19804.
2, 4951
What are the prime factors of 11448?
2, 3, 53
List the prime factors of 377.
13, 29
What are the prime factors of 75532?
2, 23, 821
What are the prime factors of 2733?
3, 911
List the prime factors of 1359.
3, 151
What are the prime factors of 1199?
11, 109
What are the prime factors of 3901?
47, 83
List the prime factors of 27653.
27653
List the prime factors of 888.
2, 3, 37
List the prime factors of 5301.
3, 19, 31
List the prime factors of 1789.
1789
List the prime factors of 6211.
6211
What are the prime factors of 854?
2, 7, 61
What are the prime factors of 50?
2, 5
List the prime factors of 113894.
2, 11, 31, 167
What are the prime factors of 24323?
13, 1871
What are the prime factors of 2437?
2437
List the prime factors of 3145.
5, 17, 37
List the prime factors of 10434.
2, 3, 37, 47
What are the prime factors of 83481?
3, 27827
List the prime factors of 2699.
2699
What are the prime factors of 107129?
11, 9739
What are the prime factors of 6262?
2, 31, 101
What are the prime factors of 38171?
7, 19, 41
What are the prime factors of 12162?
2, 3, 2027
List the prime factors of 36689.
19, 1931
What are the prime factors of 1129?
1129
What are the prime factors of 35874?
2, 3, 1993
What are the prime factors of 599?
599
List the prime factors of 445.
5, 89
What are the prime factors of 84773?
13, 6521
What are the prime factors of 3692?
2, 13, 71
List the prime factors of 3667.
19, 193
List the prime factors of 1388.
2, 347
What are the prime factors of 6151?
6151
What are the prime factors of 286?
2, 11, 13
What are the prime factors of 4796?
2, 11, 109
List the prime factors of 26082.
2, 3, 7, 23
List the prime factors of 70616.
2, 7, 13, 97
List the prime factors of 5878.
2, 2939
List the prime factors of 9947.
7, 29
What are the prime factors of 30814?
2, 7, 31, 71
List the prime factors of 4064.
2, 127
What are the prime factors of 4080?
2, 3, 5, 17
List the prime factors of 4999.
4999
What are the prime factors of 3713?
47, 79
What are the prime factors of 42265?
5, 79, 107
What are the prime factors of 3625?
5, 29
What are the prime factors of 2136?
2, 3, 89
What are the prime factors of 673?
673
What are the prime factors of 5683?
5683
List the prime factors of 10201.
101
List the prime factors of 76747.
11, 6977
List the prime factors of 34262.
2, 37, 463
List the prime factors of 1788.
2, 3, 149
What are the prime factors of 1487?
1487
List the prime factors of 1352.
2, 13
List the prime factors of 247.
13, 19
What are the prime factors of 42?
2, 3, 7
List the prime factors of 157389.
3, 23, 2281
What are the prime factors of 862?
2, 431
What are the prime factors of 39711?
3, 7, 31, 61
What are the prime factors of 2758?
2, 7, 197
List the prime factors of 7762.
2, 3881
List the prime factors of 39320.
2, 5, 983
What are the prime factors of 5104?
2, 11, 29
What are the prime factors of 314?
2, 157
List the prime factors of 14151.
3, 53, 89
List the prime factors of 3436.
2, 859
What are the prime factors of 2112?
2, 3, 11
List the prime factors of 26721.
3, 2969
List the prime factors of 3086.
2, 1543
What are the prime factors of 9578?
2, 4789
List the prime factors of 142807.
7, 23, 887
List the prime factors of 7909.
11, 719
List the prime factors of 695.
5, 139
What are the prime factors of 9031?
11, 821
What are the prime factors of 7925?
5, 317
What are the prime factors of 51363?
3, 13, 439
List the prime factors of 7689.
3, 11, 233
List the prime factors of 2815.
5, 563
What are the prime factors of 9897?
3, 3299
What are the prime factors of 5392?
2, 337
List the prime factors of 6952.
2, 11, 79
List the prime factors of 82074.
2, 3, 13679
List the prime factors of 8285.
5, 1657
What are the prime factors of 7125?
3, 5, 19
List the prime factors of 28051.
28051
What are the prime factors of 6273?
3, 17, 41
What are the prime factors of 13560?
2, 3, 5, 113
List the prime factors of 582.
2, 3, 97
What are the prime factors of 157862?
2, 17, 4643
What are the prime factors of 845?
5, 13
What are the prime factors of 67862?
2, 33931
What are the prime factors of 27676?
2, 11, 17, 37
List the prime factors of 7346.
2, 3673
What are the prime factors of 105949?
101, 1049
What are the prime factors of 7131?
3, 2377
List the prime factors of 1699.
1699
List the prime factors of 14173.
14173
What are the prime factors of 28776?
2, 3, 11, 109
List the prime factors of 12535.
5, 23, 109
List the prime factors of 8169.
3, 7, 389
What are the prime factors of 6121?
6121
What are the prime factors of 2433?
3, 811
What are the prime factors of 20363?
7, 2909
What are the prime factors of 1552?
2, 97
What are the prime fact